{"id":41,"date":"2019-11-24T10:03:32","date_gmt":"2019-11-24T09:03:32","guid":{"rendered":"http:\/\/vaspero.cluster024.hosting.ovh.net\/?page_id=41"},"modified":"2020-03-20T17:02:36","modified_gmt":"2020-03-20T16:02:36","slug":"demarches-administratives","status":"publish","type":"page","link":"https:\/\/vasperviller.fr\/index.php\/demarches-administratives\/","title":{"rendered":"D\u00e9marches administratives"},"content":{"rendered":"\n<h2 class=\"has-very-dark-gray-color has-text-color has-text-align-center wp-block-heading\">D\u00e9marches en mairie de Vasperviller<\/h2>\n\n\n\n<hr class=\"wp-block-separator has-text-color has-background has-vivid-green-cyan-background-color has-vivid-green-cyan-color\"\/>\n\n\n\n<div class=\"wp-block-columns is-layout-flex wp-container-core-columns-is-layout-1 wp-block-columns-is-layout-flex\">\n<div class=\"wp-block-column is-layout-flow wp-block-column-is-layout-flow\">\n<h3 class=\"has-text-align-center wp-block-heading\">Actes d&rsquo;\u00e9tat civil<\/h3>\n<\/div>\n\n\n\n<div class=\"wp-block-column is-layout-flow wp-block-column-is-layout-flow\">\n<h3 class=\"has-text-align-center wp-block-heading\">Identit\u00e9, vote et union<\/h3>\n<\/div>\n\n\n\n<div class=\"wp-block-column is-layout-flow wp-block-column-is-layout-flow\">\n<h3 class=\"has-text-align-center wp-block-heading\">Urbanisme<\/h3>\n<\/div>\n<\/div>\n\n\n\n<div class=\"wp-block-columns is-layout-flex wp-container-core-columns-is-layout-2 wp-block-columns-is-layout-flex\">\n<div class=\"wp-block-column is-layout-flow wp-block-column-is-layout-flow\">\n<div class=\"wp-block-button aligncenter\"><a class=\"wp-block-button__link has-text-color has-very-dark-gray-color has-background has-cyan-bluish-gray-background-color\" href=\"https:\/\/www.annuaire-mairie.fr\/acte-de-naissance-vasperviller.html\" target=\"_blank\" rel=\"noreferrer noopener\">Acte de naissance<\/a><\/div>\n\n\n\n<div class=\"wp-block-button aligncenter\"><a class=\"wp-block-button__link has-text-color has-very-dark-gray-color has-background has-cyan-bluish-gray-background-color\" href=\"https:\/\/www.annuaire-mairie.fr\/acte-de-mariage-vasperviller.html\" target=\"_blank\" rel=\"noreferrer noopener\">Acte de mariage<\/a><\/div>\n\n\n\n<div class=\"wp-block-button aligncenter\"><a class=\"wp-block-button__link has-text-color has-very-dark-gray-color has-background has-cyan-bluish-gray-background-color\" href=\"https:\/\/www.annuaire-mairie.fr\/acte-de-deces-vasperviller.html\" target=\"_blank\" rel=\"noreferrer noopener\">Acte de d\u00e9c\u00e8s<\/a><\/div>\n\n\n\n<div class=\"wp-block-button aligncenter\"><a class=\"wp-block-button__link has-text-color has-very-dark-gray-color has-background has-cyan-bluish-gray-background-color\" href=\"https:\/\/www.annuaire-mairie.fr\/declaration-naissance-vasperviller.html\" target=\"_blank\" rel=\"noreferrer noopener\">D\u00e9claration de naissance<\/a><\/div>\n\n\n\n<div class=\"wp-block-button aligncenter\"><a class=\"wp-block-button__link has-text-color has-very-dark-gray-color has-background has-cyan-bluish-gray-background-color\" href=\"https:\/\/www.annuaire-mairie.fr\/livret-famille-vasperviller.html\" target=\"_blank\" rel=\"noreferrer noopener\">Livret de famille<\/a><\/div>\n<\/div>\n\n\n\n<div class=\"wp-block-column is-layout-flow wp-block-column-is-layout-flow\">\n<div class=\"wp-block-button aligncenter\"><a class=\"wp-block-button__link has-text-color has-very-dark-gray-color has-background has-cyan-bluish-gray-background-color\" href=\"https:\/\/www.annuaire-mairie.fr\/carte-identite-vasperviller.html\" target=\"_blank\" rel=\"noreferrer noopener\">Carte d&rsquo;identit\u00e9<\/a><\/div>\n\n\n\n<div class=\"wp-block-button aligncenter\"><a class=\"wp-block-button__link has-text-color has-very-dark-gray-color has-background has-cyan-bluish-gray-background-color\" href=\"https:\/\/www.annuaire-mairie.fr\/passeport-vasperviller.html\" target=\"_blank\" rel=\"noreferrer noopener\">Passeport<\/a><\/div>\n\n\n\n<div class=\"wp-block-button aligncenter\"><a class=\"wp-block-button__link has-text-color has-very-dark-gray-color has-background has-cyan-bluish-gray-background-color\" href=\"https:\/\/www.annuaire-mairie.fr\/carte-electorale-vasperviller.html\" target=\"_blank\" rel=\"noreferrer noopener\">Carte \u00e9lectorale<\/a><\/div>\n\n\n\n<div class=\"wp-block-button aligncenter\"><a class=\"wp-block-button__link has-text-color has-very-dark-gray-color has-background has-cyan-bluish-gray-background-color\" href=\"https:\/\/www.annuaire-mairie.fr\/pacs-vasperviller.html\" target=\"_blank\" rel=\"noreferrer noopener\">PACS<\/a><\/div>\n\n\n\n<div class=\"wp-block-button aligncenter\"><a class=\"wp-block-button__link has-text-color has-very-dark-gray-color has-background has-cyan-bluish-gray-background-color\" href=\"https:\/\/www.annuaire-mairie.fr\/acte-de-divorce-vasperviller.html\" target=\"_blank\" rel=\"noreferrer noopener\">Acte de divorce<\/a><\/div>\n<\/div>\n\n\n\n<div class=\"wp-block-column is-layout-flow wp-block-column-is-layout-flow\">\n<div class=\"wp-block-button aligncenter\"><a class=\"wp-block-button__link has-text-color has-very-dark-gray-color has-background has-cyan-bluish-gray-background-color\" href=\"https:\/\/www.annuaire-mairie.fr\/cadastre-vasperviller.html\" target=\"_blank\" rel=\"noreferrer noopener\">Cadastre<\/a><\/div>\n\n\n\n<div class=\"wp-block-button aligncenter\"><a class=\"wp-block-button__link has-text-color has-very-dark-gray-color has-background has-cyan-bluish-gray-background-color\" href=\"https:\/\/www.annuaire-mairie.fr\/permis-de-construire-vasperviller.html\" target=\"_blank\" rel=\"noreferrer noopener\">Permis de construire<\/a><\/div>\n\n\n\n<div class=\"wp-block-button aligncenter\"><a class=\"wp-block-button__link has-text-color has-very-dark-gray-color has-background has-cyan-bluish-gray-background-color\" href=\"https:\/\/www.annuaire-mairie.fr\/declaration-de-travaux-vasperviller.html\" target=\"_blank\" rel=\"noreferrer noopener\">D\u00e9claration de travaux<\/a><\/div>\n\n\n\n<div class=\"wp-block-button aligncenter\"><a class=\"wp-block-button__link has-text-color has-very-dark-gray-color has-background has-cyan-bluish-gray-background-color\" href=\"https:\/\/www.annuaire-mairie.fr\/permis-de-demolir-vasperviller.html\" target=\"_blank\" rel=\"noreferrer noopener\">Permis de d\u00e9molir<\/a><\/div>\n\n\n\n<div class=\"wp-block-button aligncenter\"><a class=\"wp-block-button__link has-text-color has-very-dark-gray-color has-background has-cyan-bluish-gray-background-color\" href=\"https:\/\/www.annuaire-mairie.fr\/permis-d-amenager-vasperviller.html\" target=\"_blank\" rel=\"noreferrer noopener\">Permis d&rsquo;am\u00e9nager<\/a><\/div>\n<\/div>\n<\/div>\n\n\n\n<div style=\"height:101px\" aria-hidden=\"true\" class=\"wp-block-spacer\"><\/div>\n\n\n\n<p>Autres d\u00e9marches :  <a href=\"https:\/\/www.annuaire-mairie.fr\/mairie-vasperviller.html\">https:\/\/www.annuaire-mairie.fr\/mairie-vasperviller.html<\/a> <\/p>\n","protected":false},"excerpt":{"rendered":"<p>D\u00e9marches en mairie de Vasperviller Actes d&rsquo;\u00e9tat civil Identit\u00e9, vote et union Urbanisme Autres d\u00e9marches : https:\/\/www.annuaire-mairie.fr\/mairie-vasperviller.html<\/p>\n","protected":false},"author":2,"featured_media":0,"parent":0,"menu_order":0,"comment_status":"closed","ping_status":"closed","template":"","meta":{"footnotes":""},"class_list":["post-41","page","type-page","status-publish","hentry"],"yoast_head":"<!-- This site is optimized with the Yoast SEO plugin v23.6 - https:\/\/yoast.com\/wordpress\/plugins\/seo\/ -->\n<title>D\u00e9marches administratives - Vasperviller<\/title>\n<meta name=\"robots\" content=\"index, follow, max-snippet:-1, max-image-preview:large, max-video-preview:-1\" \/>\n<link rel=\"canonical\" href=\"https:\/\/vasperviller.fr\/index.php\/demarches-administratives\/\" \/>\n<meta property=\"og:locale\" content=\"fr_FR\" \/>\n<meta property=\"og:type\" content=\"article\" \/>\n<meta property=\"og:title\" content=\"D\u00e9marches administratives - Vasperviller\" \/>\n<meta property=\"og:description\" content=\"D\u00e9marches en mairie de Vasperviller Actes d&rsquo;\u00e9tat civil Identit\u00e9, vote et union Urbanisme Autres d\u00e9marches : https:\/\/www.annuaire-mairie.fr\/mairie-vasperviller.html\" \/>\n<meta property=\"og:url\" content=\"https:\/\/vasperviller.fr\/index.php\/demarches-administratives\/\" \/>\n<meta property=\"og:site_name\" content=\"Vasperviller\" \/>\n<meta property=\"article:modified_time\" content=\"2020-03-20T16:02:36+00:00\" \/>\n<meta name=\"twitter:card\" content=\"summary_large_image\" \/>\n<script type=\"application\/ld+json\" class=\"yoast-schema-graph\">{\"@context\":\"https:\/\/schema.org\",\"@graph\":[{\"@type\":\"WebPage\",\"@id\":\"https:\/\/vasperviller.fr\/index.php\/demarches-administratives\/\",\"url\":\"https:\/\/vasperviller.fr\/index.php\/demarches-administratives\/\",\"name\":\"D\u00e9marches administratives - Vasperviller\",\"isPartOf\":{\"@id\":\"https:\/\/vasperviller.fr\/#website\"},\"datePublished\":\"2019-11-24T09:03:32+00:00\",\"dateModified\":\"2020-03-20T16:02:36+00:00\",\"breadcrumb\":{\"@id\":\"https:\/\/vasperviller.fr\/index.php\/demarches-administratives\/#breadcrumb\"},\"inLanguage\":\"fr-FR\",\"potentialAction\":[{\"@type\":\"ReadAction\",\"target\":[\"https:\/\/vasperviller.fr\/index.php\/demarches-administratives\/\"]}]},{\"@type\":\"BreadcrumbList\",\"@id\":\"https:\/\/vasperviller.fr\/index.php\/demarches-administratives\/#breadcrumb\",\"itemListElement\":[{\"@type\":\"ListItem\",\"position\":1,\"name\":\"Accueil\",\"item\":\"https:\/\/vasperviller.fr\/\"},{\"@type\":\"ListItem\",\"position\":2,\"name\":\"D\u00e9marches administratives\"}]},{\"@type\":\"WebSite\",\"@id\":\"https:\/\/vasperviller.fr\/#website\",\"url\":\"https:\/\/vasperviller.fr\/\",\"name\":\"Vasperviller\",\"description\":\"Village 2.0\",\"potentialAction\":[{\"@type\":\"SearchAction\",\"target\":{\"@type\":\"EntryPoint\",\"urlTemplate\":\"https:\/\/vasperviller.fr\/?s={search_term_string}\"},\"query-input\":{\"@type\":\"PropertyValueSpecification\",\"valueRequired\":true,\"valueName\":\"search_term_string\"}}],\"inLanguage\":\"fr-FR\"}]}<\/script>\n<!-- \/ Yoast SEO plugin. -->","yoast_head_json":{"title":"D\u00e9marches administratives - Vasperviller","robots":{"index":"index","follow":"follow","max-snippet":"max-snippet:-1","max-image-preview":"max-image-preview:large","max-video-preview":"max-video-preview:-1"},"canonical":"https:\/\/vasperviller.fr\/index.php\/demarches-administratives\/","og_locale":"fr_FR","og_type":"article","og_title":"D\u00e9marches administratives - Vasperviller","og_description":"D\u00e9marches en mairie de Vasperviller Actes d&rsquo;\u00e9tat civil Identit\u00e9, vote et union Urbanisme Autres d\u00e9marches : https:\/\/www.annuaire-mairie.fr\/mairie-vasperviller.html","og_url":"https:\/\/vasperviller.fr\/index.php\/demarches-administratives\/","og_site_name":"Vasperviller","article_modified_time":"2020-03-20T16:02:36+00:00","twitter_card":"summary_large_image","schema":{"@context":"https:\/\/schema.org","@graph":[{"@type":"WebPage","@id":"https:\/\/vasperviller.fr\/index.php\/demarches-administratives\/","url":"https:\/\/vasperviller.fr\/index.php\/demarches-administratives\/","name":"D\u00e9marches administratives - Vasperviller","isPartOf":{"@id":"https:\/\/vasperviller.fr\/#website"},"datePublished":"2019-11-24T09:03:32+00:00","dateModified":"2020-03-20T16:02:36+00:00","breadcrumb":{"@id":"https:\/\/vasperviller.fr\/index.php\/demarches-administratives\/#breadcrumb"},"inLanguage":"fr-FR","potentialAction":[{"@type":"ReadAction","target":["https:\/\/vasperviller.fr\/index.php\/demarches-administratives\/"]}]},{"@type":"BreadcrumbList","@id":"https:\/\/vasperviller.fr\/index.php\/demarches-administratives\/#breadcrumb","itemListElement":[{"@type":"ListItem","position":1,"name":"Accueil","item":"https:\/\/vasperviller.fr\/"},{"@type":"ListItem","position":2,"name":"D\u00e9marches administratives"}]},{"@type":"WebSite","@id":"https:\/\/vasperviller.fr\/#website","url":"https:\/\/vasperviller.fr\/","name":"Vasperviller","description":"Village 2.0","potentialAction":[{"@type":"SearchAction","target":{"@type":"EntryPoint","urlTemplate":"https:\/\/vasperviller.fr\/?s={search_term_string}"},"query-input":{"@type":"PropertyValueSpecification","valueRequired":true,"valueName":"search_term_string"}}],"inLanguage":"fr-FR"}]}},"_links":{"self":[{"href":"https:\/\/vasperviller.fr\/index.php\/wp-json\/wp\/v2\/pages\/41"}],"collection":[{"href":"https:\/\/vasperviller.fr\/index.php\/wp-json\/wp\/v2\/pages"}],"about":[{"href":"https:\/\/vasperviller.fr\/index.php\/wp-json\/wp\/v2\/types\/page"}],"author":[{"embeddable":true,"href":"https:\/\/vasperviller.fr\/index.php\/wp-json\/wp\/v2\/users\/2"}],"replies":[{"embeddable":true,"href":"https:\/\/vasperviller.fr\/index.php\/wp-json\/wp\/v2\/comments?post=41"}],"version-history":[{"count":26,"href":"https:\/\/vasperviller.fr\/index.php\/wp-json\/wp\/v2\/pages\/41\/revisions"}],"predecessor-version":[{"id":88,"href":"https:\/\/vasperviller.fr\/index.php\/wp-json\/wp\/v2\/pages\/41\/revisions\/88"}],"wp:attachment":[{"href":"https:\/\/vasperviller.fr\/index.php\/wp-json\/wp\/v2\/media?parent=41"}],"curies":[{"name":"wp","href":"https:\/\/api.w.org\/{rel}","templated":true}]}}