{"id":343,"date":"2020-09-08T09:50:00","date_gmt":"2020-09-08T07:50:00","guid":{"rendered":"https:\/\/vasperviller.fr\/?page_id=343"},"modified":"2020-09-26T09:13:38","modified_gmt":"2020-09-26T07:13:38","slug":"lalmanach-des-baraquiers","status":"publish","type":"page","link":"https:\/\/vasperviller.fr\/index.php\/lalmanach-des-baraquiers\/","title":{"rendered":"L&rsquo;almanach des baraquiers"},"content":{"rendered":"<ul class=\"wp-block-latest-posts__list has-dates has-author wp-block-latest-posts\"><li><a class=\"wp-block-latest-posts__post-title\" href=\"https:\/\/vasperviller.fr\/index.php\/2020\/09\/26\/notre-patrimoine\/\">NOTRE PATRIMOINE<\/a><div class=\"wp-block-latest-posts__post-author\">par Administrateur<\/div><time datetime=\"2020-09-26T09:11:51+02:00\" class=\"wp-block-latest-posts__post-date\">26 septembre 2020<\/time><div class=\"wp-block-latest-posts__post-excerpt\">\u00ab&nbsp;Un \u00e9difice appartient \u00e0 son propri\u00e9taire mais sa beaut\u00e9 appartient \u00e0 tout le monde. C\u2019est donc d\u00e9passer son droit que de le d\u00e9truire.&nbsp;\u00bb Victor Hugo Qu\u2019est-ce que le patrimoine? Si nous regardons les d\u00e9finitions pr\u00e9sentes dans le dictionnaire, le patrimoine est d\u00e9fini ainsi: \u00ab&nbsp;Bien qu\u2019on tient par h\u00e9ritage de ses ascendants. 1&nbsp;\u00bb \u00ab&nbsp;Ce qui est consid\u00e9r\u00e9 comme une propri\u00e9t\u00e9 transmise par les anc\u00eatres.2&nbsp;\u00bb Le patrimoine est donc un ensemble de biens mat\u00e9riels mais \u00e9galement immat\u00e9riels (savoir-faire, traditions, coutumes, etc.) qui&#8230;<p class=\"read-more\"><a class=\"btn btn-default\" href=\"https:\/\/vasperviller.fr\/index.php\/2020\/09\/26\/notre-patrimoine\/\">Lire la suite<span class=\"screen-reader-text\"> Lire la suite<\/span><\/a><\/p><\/div><\/li>\n<\/ul>","protected":false},"excerpt":{"rendered":"","protected":false},"author":2,"featured_media":0,"parent":0,"menu_order":0,"comment_status":"closed","ping_status":"closed","template":"","meta":{"footnotes":""},"class_list":["post-343","page","type-page","status-publish","hentry"],"yoast_head":"<!-- This site is optimized with the Yoast SEO plugin v23.6 - https:\/\/yoast.com\/wordpress\/plugins\/seo\/ -->\n<title>L&#039;almanach des baraquiers - Vasperviller<\/title>\n<meta name=\"robots\" content=\"index, follow, max-snippet:-1, max-image-preview:large, max-video-preview:-1\" \/>\n<link rel=\"canonical\" href=\"https:\/\/vasperviller.fr\/index.php\/lalmanach-des-baraquiers\/\" \/>\n<meta property=\"og:locale\" content=\"fr_FR\" \/>\n<meta property=\"og:type\" content=\"article\" \/>\n<meta property=\"og:title\" content=\"L&#039;almanach des baraquiers - Vasperviller\" \/>\n<meta property=\"og:url\" content=\"https:\/\/vasperviller.fr\/index.php\/lalmanach-des-baraquiers\/\" \/>\n<meta property=\"og:site_name\" content=\"Vasperviller\" \/>\n<meta property=\"article:modified_time\" content=\"2020-09-26T07:13:38+00:00\" \/>\n<meta name=\"twitter:card\" content=\"summary_large_image\" \/>\n<script type=\"application\/ld+json\" class=\"yoast-schema-graph\">{\"@context\":\"https:\/\/schema.org\",\"@graph\":[{\"@type\":\"WebPage\",\"@id\":\"https:\/\/vasperviller.fr\/index.php\/lalmanach-des-baraquiers\/\",\"url\":\"https:\/\/vasperviller.fr\/index.php\/lalmanach-des-baraquiers\/\",\"name\":\"L'almanach des baraquiers - Vasperviller\",\"isPartOf\":{\"@id\":\"https:\/\/vasperviller.fr\/#website\"},\"datePublished\":\"2020-09-08T07:50:00+00:00\",\"dateModified\":\"2020-09-26T07:13:38+00:00\",\"breadcrumb\":{\"@id\":\"https:\/\/vasperviller.fr\/index.php\/lalmanach-des-baraquiers\/#breadcrumb\"},\"inLanguage\":\"fr-FR\",\"potentialAction\":[{\"@type\":\"ReadAction\",\"target\":[\"https:\/\/vasperviller.fr\/index.php\/lalmanach-des-baraquiers\/\"]}]},{\"@type\":\"BreadcrumbList\",\"@id\":\"https:\/\/vasperviller.fr\/index.php\/lalmanach-des-baraquiers\/#breadcrumb\",\"itemListElement\":[{\"@type\":\"ListItem\",\"position\":1,\"name\":\"Accueil\",\"item\":\"https:\/\/vasperviller.fr\/\"},{\"@type\":\"ListItem\",\"position\":2,\"name\":\"L&rsquo;almanach des baraquiers\"}]},{\"@type\":\"WebSite\",\"@id\":\"https:\/\/vasperviller.fr\/#website\",\"url\":\"https:\/\/vasperviller.fr\/\",\"name\":\"Vasperviller\",\"description\":\"Village 2.0\",\"potentialAction\":[{\"@type\":\"SearchAction\",\"target\":{\"@type\":\"EntryPoint\",\"urlTemplate\":\"https:\/\/vasperviller.fr\/?s={search_term_string}\"},\"query-input\":{\"@type\":\"PropertyValueSpecification\",\"valueRequired\":true,\"valueName\":\"search_term_string\"}}],\"inLanguage\":\"fr-FR\"}]}<\/script>\n<!-- \/ Yoast SEO plugin. -->","yoast_head_json":{"title":"L'almanach des baraquiers - Vasperviller","robots":{"index":"index","follow":"follow","max-snippet":"max-snippet:-1","max-image-preview":"max-image-preview:large","max-video-preview":"max-video-preview:-1"},"canonical":"https:\/\/vasperviller.fr\/index.php\/lalmanach-des-baraquiers\/","og_locale":"fr_FR","og_type":"article","og_title":"L'almanach des baraquiers - Vasperviller","og_url":"https:\/\/vasperviller.fr\/index.php\/lalmanach-des-baraquiers\/","og_site_name":"Vasperviller","article_modified_time":"2020-09-26T07:13:38+00:00","twitter_card":"summary_large_image","schema":{"@context":"https:\/\/schema.org","@graph":[{"@type":"WebPage","@id":"https:\/\/vasperviller.fr\/index.php\/lalmanach-des-baraquiers\/","url":"https:\/\/vasperviller.fr\/index.php\/lalmanach-des-baraquiers\/","name":"L'almanach des baraquiers - Vasperviller","isPartOf":{"@id":"https:\/\/vasperviller.fr\/#website"},"datePublished":"2020-09-08T07:50:00+00:00","dateModified":"2020-09-26T07:13:38+00:00","breadcrumb":{"@id":"https:\/\/vasperviller.fr\/index.php\/lalmanach-des-baraquiers\/#breadcrumb"},"inLanguage":"fr-FR","potentialAction":[{"@type":"ReadAction","target":["https:\/\/vasperviller.fr\/index.php\/lalmanach-des-baraquiers\/"]}]},{"@type":"BreadcrumbList","@id":"https:\/\/vasperviller.fr\/index.php\/lalmanach-des-baraquiers\/#breadcrumb","itemListElement":[{"@type":"ListItem","position":1,"name":"Accueil","item":"https:\/\/vasperviller.fr\/"},{"@type":"ListItem","position":2,"name":"L&rsquo;almanach des baraquiers"}]},{"@type":"WebSite","@id":"https:\/\/vasperviller.fr\/#website","url":"https:\/\/vasperviller.fr\/","name":"Vasperviller","description":"Village 2.0","potentialAction":[{"@type":"SearchAction","target":{"@type":"EntryPoint","urlTemplate":"https:\/\/vasperviller.fr\/?s={search_term_string}"},"query-input":{"@type":"PropertyValueSpecification","valueRequired":true,"valueName":"search_term_string"}}],"inLanguage":"fr-FR"}]}},"_links":{"self":[{"href":"https:\/\/vasperviller.fr\/index.php\/wp-json\/wp\/v2\/pages\/343"}],"collection":[{"href":"https:\/\/vasperviller.fr\/index.php\/wp-json\/wp\/v2\/pages"}],"about":[{"href":"https:\/\/vasperviller.fr\/index.php\/wp-json\/wp\/v2\/types\/page"}],"author":[{"embeddable":true,"href":"https:\/\/vasperviller.fr\/index.php\/wp-json\/wp\/v2\/users\/2"}],"replies":[{"embeddable":true,"href":"https:\/\/vasperviller.fr\/index.php\/wp-json\/wp\/v2\/comments?post=343"}],"version-history":[{"count":2,"href":"https:\/\/vasperviller.fr\/index.php\/wp-json\/wp\/v2\/pages\/343\/revisions"}],"predecessor-version":[{"id":417,"href":"https:\/\/vasperviller.fr\/index.php\/wp-json\/wp\/v2\/pages\/343\/revisions\/417"}],"wp:attachment":[{"href":"https:\/\/vasperviller.fr\/index.php\/wp-json\/wp\/v2\/media?parent=343"}],"curies":[{"name":"wp","href":"https:\/\/api.w.org\/{rel}","templated":true}]}}