{"id":300,"date":"2020-08-15T19:28:49","date_gmt":"2020-08-15T17:28:49","guid":{"rendered":"https:\/\/vasperviller.fr\/?page_id=300"},"modified":"2020-10-12T11:49:46","modified_gmt":"2020-10-12T09:49:46","slug":"les-baraques","status":"publish","type":"page","link":"https:\/\/vasperviller.fr\/index.php\/les-baraques\/","title":{"rendered":"Les baraques"},"content":{"rendered":"\n<p>Les Baraques est le surnom donn\u00e9 \u00e0 Vasperviller par les habitants des villages voisins. Cela remonte aux cons\u00e9quences de la guerre de trente ans (1618-1648) \u00e0 l\u2019issue de laquelle le village fut d\u00e9truit et abandonn\u00e9.<\/p>\n\n\n\n<p>En 1718 l\u2019abb\u00e9 de Marmoutier d\u00e9clare tenir du roi la Seigneurie de Saint-Quirin&nbsp;: <em>\u00ab&nbsp;Nous avons 3 places o\u00f9 il y a ci-devant des m\u00e9tairies construites, une appel\u00e9e Waspersvillers, occup\u00e9e par quelques baraquiers&nbsp;\u00bb.<\/em><\/p>\n\n\n\n<p>C&rsquo;est en hommage \u00e0 ces gens du peuple que l&rsquo;association s&rsquo;appelle \u00ab&nbsp;LES BARAQUES&nbsp;\u00bb. Elle a pour but la mise en valeur et le d\u00e9veloppement de la culture en milieu rural au travers d\u2019exposition, conf\u00e9rences, visites culturelles, historiques et&nbsp; surtout&nbsp; sa manifestation phare qu\u2019est le salon bisannuel du Livre aux Baraques.<\/p>\n\n\n\n<p class=\"has-text-align-center\"><span class=\"has-inline-color has-vivid-red-color\"><strong>Membres du Comit\u00e9&nbsp;:<\/strong><\/span><\/p>\n\n\n\n<p>Bertrand MOEDER &nbsp;&nbsp;&nbsp;&nbsp;&nbsp;&nbsp;&nbsp;&nbsp;&nbsp;&nbsp;&nbsp;&nbsp;&nbsp;&nbsp;&nbsp; Pr\u00e9sident&nbsp;&nbsp;&nbsp;&nbsp;&nbsp;&nbsp;&nbsp;&nbsp;&nbsp;&nbsp;&nbsp;&nbsp;&nbsp;&nbsp;&nbsp;&nbsp;&nbsp;&nbsp;&nbsp; t\u00e9l. 06.86.79.51.99<\/p>\n\n\n\n<p>Jocelyne BARTOLIK&nbsp;&nbsp;&nbsp;&nbsp;&nbsp;&nbsp;&nbsp;&nbsp;&nbsp;&nbsp;&nbsp;&nbsp;&nbsp;&nbsp;&nbsp; Tr\u00e9sori\u00e8re<\/p>\n\n\n\n<p>Martine MOEDER&nbsp;&nbsp;&nbsp;&nbsp;&nbsp;&nbsp;&nbsp;&nbsp;&nbsp;&nbsp;&nbsp;&nbsp;&nbsp;&nbsp;&nbsp;&nbsp;&nbsp; Secr\u00e9taire<\/p>\n\n\n\n<p>Claudette BIRCKER<\/p>\n\n\n\n<p>Catherine KRZYSZOWSKI<\/p>\n\n\n\n<p>Colette MICHEL<\/p>\n\n\n\n<p>Anne RICHTER<\/p>\n\n\n\n<p>Franck CARABIN<\/p>\n\n\n\n<figure class=\"wp-block-image size-large\"><img loading=\"lazy\" decoding=\"async\" width=\"1024\" height=\"683\" src=\"https:\/\/vasperviller.fr\/wp-content\/uploads\/2020\/10\/Photo-AG-Les-Baraques-Fevrier-2020-1-1024x683.jpg\" alt=\"\" class=\"wp-image-443\" srcset=\"https:\/\/vasperviller.fr\/wp-content\/uploads\/2020\/10\/Photo-AG-Les-Baraques-Fevrier-2020-1-1024x683.jpg 1024w, https:\/\/vasperviller.fr\/wp-content\/uploads\/2020\/10\/Photo-AG-Les-Baraques-Fevrier-2020-1-300x200.jpg 300w, https:\/\/vasperviller.fr\/wp-content\/uploads\/2020\/10\/Photo-AG-Les-Baraques-Fevrier-2020-1-768x512.jpg 768w, https:\/\/vasperviller.fr\/wp-content\/uploads\/2020\/10\/Photo-AG-Les-Baraques-Fevrier-2020-1-1536x1024.jpg 1536w, https:\/\/vasperviller.fr\/wp-content\/uploads\/2020\/10\/Photo-AG-Les-Baraques-Fevrier-2020-1-2048x1365.jpg 2048w, https:\/\/vasperviller.fr\/wp-content\/uploads\/2020\/10\/Photo-AG-Les-Baraques-Fevrier-2020-1-405x270.jpg 405w\" sizes=\"(max-width: 1024px) 100vw, 1024px\" \/><figcaption>Assembl\u00e9e G\u00e9n\u00e9rale f\u00e9vrier 2020<\/figcaption><\/figure>\n\n\n\n<hr class=\"wp-block-separator\"\/>\n\n\n\n<figure class=\"wp-block-image size-large\"><img loading=\"lazy\" decoding=\"async\" width=\"1024\" height=\"683\" src=\"https:\/\/vasperviller.fr\/wp-content\/uploads\/2020\/10\/Photo-Concert-dans-leglise-1024x683.jpg\" alt=\"\" class=\"wp-image-444\" srcset=\"https:\/\/vasperviller.fr\/wp-content\/uploads\/2020\/10\/Photo-Concert-dans-leglise-1024x683.jpg 1024w, https:\/\/vasperviller.fr\/wp-content\/uploads\/2020\/10\/Photo-Concert-dans-leglise-300x200.jpg 300w, https:\/\/vasperviller.fr\/wp-content\/uploads\/2020\/10\/Photo-Concert-dans-leglise-768x512.jpg 768w, https:\/\/vasperviller.fr\/wp-content\/uploads\/2020\/10\/Photo-Concert-dans-leglise-1536x1024.jpg 1536w, https:\/\/vasperviller.fr\/wp-content\/uploads\/2020\/10\/Photo-Concert-dans-leglise-2048x1365.jpg 2048w, https:\/\/vasperviller.fr\/wp-content\/uploads\/2020\/10\/Photo-Concert-dans-leglise-405x270.jpg 405w\" sizes=\"(max-width: 1024px) 100vw, 1024px\" \/><figcaption>Concert dans l&rsquo;Eglise de Vasperviller<\/figcaption><\/figure>\n\n\n\n<p><span class=\"has-inline-color has-vivid-red-color\">Suite \u00e0 la situation sanitaire actuelle, l\u2019association LES BARAQUES a le regret de vous annoncer l\u2019annulation de la conf\u00e9rence animali\u00e8re qui devait \u00eatre propos\u00e9e ce mois-ci (octobre 2020).<\/span><\/p>\n\n\n\n<p><span class=\"has-inline-color has-vivid-red-color\">Nous esp\u00e9rons pouvoir reporter en 2021 le programme pr\u00e9vu cette ann\u00e9e.<\/span><\/p>\n\n\n\n<div class=\"wp-block-file\"><a href=\"https:\/\/vasperviller.fr\/wp-content\/uploads\/2020\/08\/Message-annulation-salon-du-livre.docx\">Message-annulation-salon-du-livre<\/a><a href=\"https:\/\/vasperviller.fr\/wp-content\/uploads\/2020\/08\/Message-annulation-salon-du-livre.docx\" class=\"wp-block-file__button\" download>T\u00e9l\u00e9charger<\/a><\/div>\n\n\n\n<div class=\"wp-block-file\"><a href=\"https:\/\/vasperviller.fr\/wp-content\/uploads\/2020\/08\/Compte-Rendu-AGO-21fevrier-2020.docx\">Compte-Rendu-AGO-21fevrier-2020<\/a><a href=\"https:\/\/vasperviller.fr\/wp-content\/uploads\/2020\/08\/Compte-Rendu-AGO-21fevrier-2020.docx\" class=\"wp-block-file__button\" download>T\u00e9l\u00e9charger<\/a><\/div>\n\n\n\n<div class=\"wp-block-file\"><a href=\"https:\/\/vasperviller.fr\/wp-content\/uploads\/2020\/10\/Annulation-conference-animaliere.docx\">Message-annulation-conf\u00e9rence-animali\u00e8re-octobre-2020<\/a><a href=\"https:\/\/vasperviller.fr\/wp-content\/uploads\/2020\/10\/Annulation-conference-animaliere.docx\" class=\"wp-block-file__button\" download>T\u00e9l\u00e9charger<\/a><\/div>\n\n\n\n<p><\/p>\n","protected":false},"excerpt":{"rendered":"<p>Les Baraques est le surnom donn\u00e9 \u00e0 Vasperviller par les habitants des villages voisins. Cela remonte aux cons\u00e9quences de la guerre de trente ans (1618-1648) \u00e0 l\u2019issue de laquelle le village fut d\u00e9truit et abandonn\u00e9. En 1718 l\u2019abb\u00e9 de Marmoutier d\u00e9clare tenir du roi la Seigneurie de Saint-Quirin&nbsp;: \u00ab&nbsp;Nous avons 3 places o\u00f9 il y a ci-devant des m\u00e9tairies construites, une appel\u00e9e Waspersvillers, occup\u00e9e par quelques baraquiers&nbsp;\u00bb. C&rsquo;est en hommage \u00e0 ces gens du peuple que l&rsquo;association s&rsquo;appelle \u00ab&nbsp;LES BARAQUES&nbsp;\u00bb&#8230;.<\/p>\n<p class=\"read-more\"><a class=\"btn btn-default\" href=\"https:\/\/vasperviller.fr\/index.php\/les-baraques\/\">Lire la suite<span class=\"screen-reader-text\"> Lire la suite<\/span><\/a><\/p>\n","protected":false},"author":2,"featured_media":0,"parent":0,"menu_order":0,"comment_status":"closed","ping_status":"closed","template":"","meta":{"footnotes":""},"class_list":["post-300","page","type-page","status-publish","hentry"],"yoast_head":"<!-- This site is optimized with the Yoast SEO plugin v23.6 - https:\/\/yoast.com\/wordpress\/plugins\/seo\/ -->\n<title>Les baraques - Vasperviller<\/title>\n<meta name=\"robots\" content=\"index, follow, max-snippet:-1, max-image-preview:large, max-video-preview:-1\" \/>\n<link rel=\"canonical\" href=\"https:\/\/vasperviller.fr\/index.php\/les-baraques\/\" \/>\n<meta property=\"og:locale\" content=\"fr_FR\" \/>\n<meta property=\"og:type\" content=\"article\" \/>\n<meta property=\"og:title\" content=\"Les baraques - Vasperviller\" \/>\n<meta property=\"og:description\" content=\"Les Baraques est le surnom donn\u00e9 \u00e0 Vasperviller par les habitants des villages voisins. Cela remonte aux cons\u00e9quences de la guerre de trente ans (1618-1648) \u00e0 l\u2019issue de laquelle le village fut d\u00e9truit et abandonn\u00e9. En 1718 l\u2019abb\u00e9 de Marmoutier d\u00e9clare tenir du roi la Seigneurie de Saint-Quirin&nbsp;: \u00ab&nbsp;Nous avons 3 places o\u00f9 il y a ci-devant des m\u00e9tairies construites, une appel\u00e9e Waspersvillers, occup\u00e9e par quelques baraquiers&nbsp;\u00bb. C&rsquo;est en hommage \u00e0 ces gens du peuple que l&rsquo;association s&rsquo;appelle \u00ab&nbsp;LES BARAQUES&nbsp;\u00bb....Lire la suite Lire la suite\" \/>\n<meta property=\"og:url\" content=\"https:\/\/vasperviller.fr\/index.php\/les-baraques\/\" \/>\n<meta property=\"og:site_name\" content=\"Vasperviller\" \/>\n<meta property=\"article:modified_time\" content=\"2020-10-12T09:49:46+00:00\" \/>\n<meta property=\"og:image\" content=\"https:\/\/vasperviller.fr\/wp-content\/uploads\/2020\/10\/Photo-AG-Les-Baraques-Fevrier-2020-1-1024x683.jpg\" \/>\n<meta name=\"twitter:card\" content=\"summary_large_image\" \/>\n<meta name=\"twitter:label1\" content=\"Dur\u00e9e de lecture estim\u00e9e\" \/>\n\t<meta name=\"twitter:data1\" content=\"1 minute\" \/>\n<script type=\"application\/ld+json\" class=\"yoast-schema-graph\">{\"@context\":\"https:\/\/schema.org\",\"@graph\":[{\"@type\":\"WebPage\",\"@id\":\"https:\/\/vasperviller.fr\/index.php\/les-baraques\/\",\"url\":\"https:\/\/vasperviller.fr\/index.php\/les-baraques\/\",\"name\":\"Les baraques - Vasperviller\",\"isPartOf\":{\"@id\":\"https:\/\/vasperviller.fr\/#website\"},\"primaryImageOfPage\":{\"@id\":\"https:\/\/vasperviller.fr\/index.php\/les-baraques\/#primaryimage\"},\"image\":{\"@id\":\"https:\/\/vasperviller.fr\/index.php\/les-baraques\/#primaryimage\"},\"thumbnailUrl\":\"https:\/\/vasperviller.fr\/wp-content\/uploads\/2020\/10\/Photo-AG-Les-Baraques-Fevrier-2020-1-1024x683.jpg\",\"datePublished\":\"2020-08-15T17:28:49+00:00\",\"dateModified\":\"2020-10-12T09:49:46+00:00\",\"breadcrumb\":{\"@id\":\"https:\/\/vasperviller.fr\/index.php\/les-baraques\/#breadcrumb\"},\"inLanguage\":\"fr-FR\",\"potentialAction\":[{\"@type\":\"ReadAction\",\"target\":[\"https:\/\/vasperviller.fr\/index.php\/les-baraques\/\"]}]},{\"@type\":\"ImageObject\",\"inLanguage\":\"fr-FR\",\"@id\":\"https:\/\/vasperviller.fr\/index.php\/les-baraques\/#primaryimage\",\"url\":\"https:\/\/vasperviller.fr\/wp-content\/uploads\/2020\/10\/Photo-AG-Les-Baraques-Fevrier-2020-1.jpg\",\"contentUrl\":\"https:\/\/vasperviller.fr\/wp-content\/uploads\/2020\/10\/Photo-AG-Les-Baraques-Fevrier-2020-1.jpg\",\"width\":2496,\"height\":1664},{\"@type\":\"BreadcrumbList\",\"@id\":\"https:\/\/vasperviller.fr\/index.php\/les-baraques\/#breadcrumb\",\"itemListElement\":[{\"@type\":\"ListItem\",\"position\":1,\"name\":\"Accueil\",\"item\":\"https:\/\/vasperviller.fr\/\"},{\"@type\":\"ListItem\",\"position\":2,\"name\":\"Les baraques\"}]},{\"@type\":\"WebSite\",\"@id\":\"https:\/\/vasperviller.fr\/#website\",\"url\":\"https:\/\/vasperviller.fr\/\",\"name\":\"Vasperviller\",\"description\":\"Village 2.0\",\"potentialAction\":[{\"@type\":\"SearchAction\",\"target\":{\"@type\":\"EntryPoint\",\"urlTemplate\":\"https:\/\/vasperviller.fr\/?s={search_term_string}\"},\"query-input\":{\"@type\":\"PropertyValueSpecification\",\"valueRequired\":true,\"valueName\":\"search_term_string\"}}],\"inLanguage\":\"fr-FR\"}]}<\/script>\n<!-- \/ Yoast SEO plugin. -->","yoast_head_json":{"title":"Les baraques - Vasperviller","robots":{"index":"index","follow":"follow","max-snippet":"max-snippet:-1","max-image-preview":"max-image-preview:large","max-video-preview":"max-video-preview:-1"},"canonical":"https:\/\/vasperviller.fr\/index.php\/les-baraques\/","og_locale":"fr_FR","og_type":"article","og_title":"Les baraques - Vasperviller","og_description":"Les Baraques est le surnom donn\u00e9 \u00e0 Vasperviller par les habitants des villages voisins. Cela remonte aux cons\u00e9quences de la guerre de trente ans (1618-1648) \u00e0 l\u2019issue de laquelle le village fut d\u00e9truit et abandonn\u00e9. En 1718 l\u2019abb\u00e9 de Marmoutier d\u00e9clare tenir du roi la Seigneurie de Saint-Quirin&nbsp;: \u00ab&nbsp;Nous avons 3 places o\u00f9 il y a ci-devant des m\u00e9tairies construites, une appel\u00e9e Waspersvillers, occup\u00e9e par quelques baraquiers&nbsp;\u00bb. C&rsquo;est en hommage \u00e0 ces gens du peuple que l&rsquo;association s&rsquo;appelle \u00ab&nbsp;LES BARAQUES&nbsp;\u00bb....Lire la suite Lire la suite","og_url":"https:\/\/vasperviller.fr\/index.php\/les-baraques\/","og_site_name":"Vasperviller","article_modified_time":"2020-10-12T09:49:46+00:00","og_image":[{"url":"https:\/\/vasperviller.fr\/wp-content\/uploads\/2020\/10\/Photo-AG-Les-Baraques-Fevrier-2020-1-1024x683.jpg"}],"twitter_card":"summary_large_image","twitter_misc":{"Dur\u00e9e de lecture estim\u00e9e":"1 minute"},"schema":{"@context":"https:\/\/schema.org","@graph":[{"@type":"WebPage","@id":"https:\/\/vasperviller.fr\/index.php\/les-baraques\/","url":"https:\/\/vasperviller.fr\/index.php\/les-baraques\/","name":"Les baraques - Vasperviller","isPartOf":{"@id":"https:\/\/vasperviller.fr\/#website"},"primaryImageOfPage":{"@id":"https:\/\/vasperviller.fr\/index.php\/les-baraques\/#primaryimage"},"image":{"@id":"https:\/\/vasperviller.fr\/index.php\/les-baraques\/#primaryimage"},"thumbnailUrl":"https:\/\/vasperviller.fr\/wp-content\/uploads\/2020\/10\/Photo-AG-Les-Baraques-Fevrier-2020-1-1024x683.jpg","datePublished":"2020-08-15T17:28:49+00:00","dateModified":"2020-10-12T09:49:46+00:00","breadcrumb":{"@id":"https:\/\/vasperviller.fr\/index.php\/les-baraques\/#breadcrumb"},"inLanguage":"fr-FR","potentialAction":[{"@type":"ReadAction","target":["https:\/\/vasperviller.fr\/index.php\/les-baraques\/"]}]},{"@type":"ImageObject","inLanguage":"fr-FR","@id":"https:\/\/vasperviller.fr\/index.php\/les-baraques\/#primaryimage","url":"https:\/\/vasperviller.fr\/wp-content\/uploads\/2020\/10\/Photo-AG-Les-Baraques-Fevrier-2020-1.jpg","contentUrl":"https:\/\/vasperviller.fr\/wp-content\/uploads\/2020\/10\/Photo-AG-Les-Baraques-Fevrier-2020-1.jpg","width":2496,"height":1664},{"@type":"BreadcrumbList","@id":"https:\/\/vasperviller.fr\/index.php\/les-baraques\/#breadcrumb","itemListElement":[{"@type":"ListItem","position":1,"name":"Accueil","item":"https:\/\/vasperviller.fr\/"},{"@type":"ListItem","position":2,"name":"Les baraques"}]},{"@type":"WebSite","@id":"https:\/\/vasperviller.fr\/#website","url":"https:\/\/vasperviller.fr\/","name":"Vasperviller","description":"Village 2.0","potentialAction":[{"@type":"SearchAction","target":{"@type":"EntryPoint","urlTemplate":"https:\/\/vasperviller.fr\/?s={search_term_string}"},"query-input":{"@type":"PropertyValueSpecification","valueRequired":true,"valueName":"search_term_string"}}],"inLanguage":"fr-FR"}]}},"_links":{"self":[{"href":"https:\/\/vasperviller.fr\/index.php\/wp-json\/wp\/v2\/pages\/300"}],"collection":[{"href":"https:\/\/vasperviller.fr\/index.php\/wp-json\/wp\/v2\/pages"}],"about":[{"href":"https:\/\/vasperviller.fr\/index.php\/wp-json\/wp\/v2\/types\/page"}],"author":[{"embeddable":true,"href":"https:\/\/vasperviller.fr\/index.php\/wp-json\/wp\/v2\/users\/2"}],"replies":[{"embeddable":true,"href":"https:\/\/vasperviller.fr\/index.php\/wp-json\/wp\/v2\/comments?post=300"}],"version-history":[{"count":4,"href":"https:\/\/vasperviller.fr\/index.php\/wp-json\/wp\/v2\/pages\/300\/revisions"}],"predecessor-version":[{"id":451,"href":"https:\/\/vasperviller.fr\/index.php\/wp-json\/wp\/v2\/pages\/300\/revisions\/451"}],"wp:attachment":[{"href":"https:\/\/vasperviller.fr\/index.php\/wp-json\/wp\/v2\/media?parent=300"}],"curies":[{"name":"wp","href":"https:\/\/api.w.org\/{rel}","templated":true}]}}