{"id":246,"date":"2020-08-08T07:39:35","date_gmt":"2020-08-08T05:39:35","guid":{"rendered":"https:\/\/vasperviller.fr\/?page_id=246"},"modified":"2020-10-28T20:22:45","modified_gmt":"2020-10-28T19:22:45","slug":"bibliotheque","status":"publish","type":"page","link":"https:\/\/vasperviller.fr\/index.php\/bibliotheque\/","title":{"rendered":"Biblioth\u00e8que"},"content":{"rendered":"\n<p>r\u00e9f\u00e9rente : Martine MOEDER<\/p>\n\n\n\n<hr class=\"wp-block-separator\"\/>\n\n\n\n<p>La bibiloth\u00e8que municipale de Vasperviller est ouverte:<\/p>\n\n\n\n<p>les mercredis de 14h00 \u00e0 17h00<\/p>\n\n\n\n<p>les 3\u00e8me samedis de chaque mois de 14h00 \u00e0 16h00<\/p>\n\n\n\n<p>les vendredis (s&rsquo;adresser \u00e0 la mairie) de 15h00 \u00e0 18h00<\/p>\n\n\n\n<hr class=\"wp-block-separator\"\/>\n\n\n<ul class=\"wp-block-latest-posts__list has-dates wp-block-latest-posts\"><li><a class=\"wp-block-latest-posts__post-title\" href=\"https:\/\/vasperviller.fr\/index.php\/2025\/10\/30\/esprits-livres\/\">Esprits livres<\/a><time datetime=\"2025-10-30T19:16:14+01:00\" class=\"wp-block-latest-posts__post-date\">30 octobre 2025<\/time><div class=\"wp-block-latest-posts__post-excerpt\"><\/div><\/li>\n<li><div class=\"wp-block-latest-posts__featured-image\"><img loading=\"lazy\" decoding=\"async\" width=\"150\" height=\"150\" src=\"https:\/\/vasperviller.fr\/wp-content\/uploads\/2022\/07\/Fermeture-bibliotheque-150x150.jpg\" class=\"attachment-thumbnail size-thumbnail wp-post-image\" alt=\"\" style=\"\" \/><\/div><a class=\"wp-block-latest-posts__post-title\" href=\"https:\/\/vasperviller.fr\/index.php\/2022\/07\/04\/fermeture-de-la-bibliotheque-2\/\">Fermeture de la biblioth\u00e8que.<\/a><time datetime=\"2022-07-04T10:22:21+02:00\" class=\"wp-block-latest-posts__post-date\">4 juillet 2022<\/time><div class=\"wp-block-latest-posts__post-excerpt\">Nous vous informons que la biblioth\u00e8que sera ferm\u00e9e du jeudi 4 ao\u00fbt au mardi 30 ao\u00fbt\u00a0et qu&rsquo;il n&rsquo;y aura pas de permanence le samedi durant ces deux mois d&rsquo;\u00e9t\u00e9. R\u00e9ouverture le mercredi 31 ao\u00fbt. Rassurez-vous, nous serons encore l\u00e0 tous les mercredis du mois de juillet ainsi que le mercredi 3 ao\u00fbt de 14h \u00e0 17h pour vous permettre de faire le plein de livres. D&rsquo;ores et d\u00e9j\u00e0 nous vous souhaitons un bel \u00e9t\u00e9.A bient\u00f4t.<\/div><\/li>\n<li><a class=\"wp-block-latest-posts__post-title\" href=\"https:\/\/vasperviller.fr\/index.php\/2022\/07\/01\/dons-et-nouveautes-juin-2022\/\">Dons et nouveaut\u00e9s juin 2022<\/a><time datetime=\"2022-07-01T16:23:21+02:00\" class=\"wp-block-latest-posts__post-date\">1 juillet 2022<\/time><div class=\"wp-block-latest-posts__post-excerpt\">Veuillez trouver ci-dessous la liste et les r\u00e9sum\u00e9s des dons et nouveaut\u00e9s re\u00e7us \u00e0 la biblioth\u00e8que durant ce mois de juin.<\/div><\/li>\n<li><a class=\"wp-block-latest-posts__post-title\" href=\"https:\/\/vasperviller.fr\/index.php\/2022\/06\/01\/dons-et-nouveautes-du-mois-de-mai\/\">Dons et nouveaut\u00e9s du mois de mai.<\/a><time datetime=\"2022-06-01T21:46:12+02:00\" class=\"wp-block-latest-posts__post-date\">1 juin 2022<\/time><div class=\"wp-block-latest-posts__post-excerpt\">Vous trouverez ci-dessous, la liste des dons et r\u00e9sum\u00e9s re\u00e7us \u00e0 la biblioth\u00e8que en Mai.<\/div><\/li>\n<li><div class=\"wp-block-latest-posts__featured-image\"><img loading=\"lazy\" decoding=\"async\" width=\"150\" height=\"150\" src=\"https:\/\/vasperviller.fr\/wp-content\/uploads\/2022\/04\/images-150x150.jpg\" class=\"attachment-thumbnail size-thumbnail wp-post-image\" alt=\"\" style=\"\" \/><\/div><a class=\"wp-block-latest-posts__post-title\" href=\"https:\/\/vasperviller.fr\/index.php\/2022\/04\/30\/dons-avril-2022\/\">Dons avril 2022<\/a><time datetime=\"2022-04-30T14:31:36+02:00\" class=\"wp-block-latest-posts__post-date\">30 avril 2022<\/time><div class=\"wp-block-latest-posts__post-excerpt\">Vous trouverez ci-dessous la liste des dons, ainsi que leurs r\u00e9sum\u00e9s, re\u00e7us durant ce mois d&rsquo;avril \u00e0 la biblioth\u00e8que. Martine MOEDER<\/div><\/li>\n<\/ul>\n\n\n<hr class=\"wp-block-separator\"\/>\n\n\n\n<div class=\"wp-block-file\"><a href=\"https:\/\/vasperviller.fr\/wp-content\/uploads\/2020\/10\/RESUMES-ROMANS-GC-Bitche-13-octobre-2020.docx\">RESUMES-ROMANS-GC-Bitche-13-octobre-2020<\/a><a href=\"https:\/\/vasperviller.fr\/wp-content\/uploads\/2020\/10\/RESUMES-ROMANS-GC-Bitche-13-octobre-2020.docx\" class=\"wp-block-file__button\" download>T\u00e9l\u00e9charger<\/a><\/div>\n\n\n\n<div class=\"wp-block-file\"><a href=\"https:\/\/vasperviller.fr\/wp-content\/uploads\/2020\/10\/RESUMES-ROMANS-POLICIERS-GC-SF-Bitche-13-octobre-2020.docx\">RESUMES-ROMANS-POLICIERS-GC-SF-Bitche-13-octobre-2020<\/a><a href=\"https:\/\/vasperviller.fr\/wp-content\/uploads\/2020\/10\/RESUMES-ROMANS-POLICIERS-GC-SF-Bitche-13-octobre-2020.docx\" class=\"wp-block-file__button\" download>T\u00e9l\u00e9charger<\/a><\/div>\n\n\n\n<div class=\"wp-block-file\"><a href=\"https:\/\/vasperviller.fr\/wp-content\/uploads\/2020\/10\/RESUMES-BD-Adulte-Ados-Bitche-13-octobre-2020.docx\">RESUMES-BD-Adulte-Ados-Bitche-13-octobre-2020<\/a><a href=\"https:\/\/vasperviller.fr\/wp-content\/uploads\/2020\/10\/RESUMES-BD-Adulte-Ados-Bitche-13-octobre-2020.docx\" class=\"wp-block-file__button\" download>T\u00e9l\u00e9charger<\/a><\/div>\n\n\n\n<div class=\"wp-block-file\"><a href=\"https:\/\/vasperviller.fr\/wp-content\/uploads\/2020\/10\/RESUMES-DOCUMENTAIRES-Adultes-Jeunes-Bitche-13-octobre-2020.docx\">RESUMES-DOCUMENTAIRES-Adultes-Jeunes-Bitche-13-octobre-2020<\/a><a href=\"https:\/\/vasperviller.fr\/wp-content\/uploads\/2020\/10\/RESUMES-DOCUMENTAIRES-Adultes-Jeunes-Bitche-13-octobre-2020.docx\" class=\"wp-block-file__button\" download>T\u00e9l\u00e9charger<\/a><\/div>\n\n\n\n<div class=\"wp-block-file\"><a href=\"https:\/\/vasperviller.fr\/wp-content\/uploads\/2020\/10\/RESUMES-JEUNESSE-ROMANS-Ados-et-Juniors-Bitche-13-octobre-2020.docx\">RESUMES-JEUNESSE-ROMANS-Ados-et-Juniors-Bitche-13-octobre-2020<\/a><a href=\"https:\/\/vasperviller.fr\/wp-content\/uploads\/2020\/10\/RESUMES-JEUNESSE-ROMANS-Ados-et-Juniors-Bitche-13-octobre-2020.docx\" class=\"wp-block-file__button\" download>T\u00e9l\u00e9charger<\/a><\/div>\n\n\n\n<div class=\"wp-block-file\"><a href=\"https:\/\/vasperviller.fr\/wp-content\/uploads\/2020\/08\/8-Resumes-nouveautes-dons-Aout-2020.docx\">Resumes-nouveautes-dons-Aout-2020<\/a><a href=\"https:\/\/vasperviller.fr\/wp-content\/uploads\/2020\/08\/8-Resumes-nouveautes-dons-Aout-2020.docx\" class=\"wp-block-file__button\" download>T\u00e9l\u00e9charger<\/a><\/div>\n\n\n\n<div class=\"wp-block-file\"><a href=\"https:\/\/vasperviller.fr\/wp-content\/uploads\/2020\/08\/7-Resumes-nouveautes-dons-Juillet-2020.docx\">Resumes-nouveautes-dons-Juillet-2020<\/a><a href=\"https:\/\/vasperviller.fr\/wp-content\/uploads\/2020\/08\/7-Resumes-nouveautes-dons-Juillet-2020.docx\" class=\"wp-block-file__button\" download>T\u00e9l\u00e9charger<\/a><\/div>\n\n\n\n<div class=\"wp-block-file\"><a href=\"https:\/\/vasperviller.fr\/wp-content\/uploads\/2020\/08\/6-Resumes-nouveautes-dons-Juin-2020.docx\">Resumes-nouveautes-dons-Juin-2020<\/a><a href=\"https:\/\/vasperviller.fr\/wp-content\/uploads\/2020\/08\/6-Resumes-nouveautes-dons-Juin-2020.docx\" class=\"wp-block-file__button\" download>T\u00e9l\u00e9charger<\/a><\/div>\n\n\n\n<div class=\"wp-block-file\"><a href=\"https:\/\/vasperviller.fr\/wp-content\/uploads\/2020\/08\/5-Resumes-nouveautes-dons-Mai-2020.docx\">Resumes-nouveautes-dons-Mai-2020<\/a><a href=\"https:\/\/vasperviller.fr\/wp-content\/uploads\/2020\/08\/5-Resumes-nouveautes-dons-Mai-2020.docx\" class=\"wp-block-file__button\" download>T\u00e9l\u00e9charger<\/a><\/div>\n\n\n\n<div class=\"wp-block-file\"><a href=\"https:\/\/vasperviller.fr\/wp-content\/uploads\/2020\/08\/3-Resumes-nouveautes-dons-Mars-2020.docx\">Resumes-nouveautes-dons-Mars-2020<\/a><a href=\"https:\/\/vasperviller.fr\/wp-content\/uploads\/2020\/08\/3-Resumes-nouveautes-dons-Mars-2020.docx\" class=\"wp-block-file__button\" download>T\u00e9l\u00e9charger<\/a><\/div>\n\n\n\n<div class=\"wp-block-file\"><a href=\"https:\/\/vasperviller.fr\/wp-content\/uploads\/2020\/08\/2-Resumes-nouveautes-dons-fevrier-2020.docx\">Resumes-nouveautes-dons-fevrier-2020<\/a><a href=\"https:\/\/vasperviller.fr\/wp-content\/uploads\/2020\/08\/2-Resumes-nouveautes-dons-fevrier-2020.docx\" class=\"wp-block-file__button\" download>T\u00e9l\u00e9charger<\/a><\/div>\n\n\n\n<div class=\"wp-block-file\"><a href=\"https:\/\/vasperviller.fr\/wp-content\/uploads\/2020\/08\/Resumes-nouveautes-dons-Janvier-2020.docx\">Resumes-nouveautes-dons-Janvier-2020<\/a><a href=\"https:\/\/vasperviller.fr\/wp-content\/uploads\/2020\/08\/Resumes-nouveautes-dons-Janvier-2020.docx\" class=\"wp-block-file__button\" download>T\u00e9l\u00e9charger<\/a><\/div>\n\n\n\n<div class=\"wp-block-file\"><a href=\"https:\/\/vasperviller.fr\/wp-content\/uploads\/2020\/10\/Resumes-nouveautes-dons-Septembre-2020-.docx\">R\u00e9sum\u00e9s-nouveaut\u00e9s-dons-Septembre-2020-<\/a><a href=\"https:\/\/vasperviller.fr\/wp-content\/uploads\/2020\/10\/Resumes-nouveautes-dons-Septembre-2020-.docx\" class=\"wp-block-file__button\" download>T\u00e9l\u00e9charger<\/a><\/div>\n\n\n\n<p><\/p>\n","protected":false},"excerpt":{"rendered":"<p>r\u00e9f\u00e9rente : Martine MOEDER La bibiloth\u00e8que municipale de Vasperviller est ouverte: les mercredis de 14h00 \u00e0 17h00 les 3\u00e8me samedis de chaque mois de 14h00 \u00e0 16h00 les vendredis (s&rsquo;adresser \u00e0 la mairie) de 15h00 \u00e0 18h00<\/p>\n","protected":false},"author":2,"featured_media":0,"parent":0,"menu_order":0,"comment_status":"closed","ping_status":"closed","template":"","meta":{"footnotes":""},"class_list":["post-246","page","type-page","status-publish","hentry"],"yoast_head":"<!-- This site is optimized with the Yoast SEO plugin v23.6 - https:\/\/yoast.com\/wordpress\/plugins\/seo\/ -->\n<title>Biblioth\u00e8que - Vasperviller<\/title>\n<meta name=\"robots\" content=\"index, follow, max-snippet:-1, max-image-preview:large, max-video-preview:-1\" \/>\n<link rel=\"canonical\" href=\"https:\/\/vasperviller.fr\/index.php\/bibliotheque\/\" \/>\n<meta property=\"og:locale\" content=\"fr_FR\" \/>\n<meta property=\"og:type\" content=\"article\" \/>\n<meta property=\"og:title\" content=\"Biblioth\u00e8que - Vasperviller\" \/>\n<meta property=\"og:description\" content=\"r\u00e9f\u00e9rente : Martine MOEDER La bibiloth\u00e8que municipale de Vasperviller est ouverte: les mercredis de 14h00 \u00e0 17h00 les 3\u00e8me samedis de chaque mois de 14h00 \u00e0 16h00 les vendredis (s&rsquo;adresser \u00e0 la mairie) de 15h00 \u00e0 18h00\" \/>\n<meta property=\"og:url\" content=\"https:\/\/vasperviller.fr\/index.php\/bibliotheque\/\" \/>\n<meta property=\"og:site_name\" content=\"Vasperviller\" \/>\n<meta property=\"article:modified_time\" content=\"2020-10-28T19:22:45+00:00\" \/>\n<meta name=\"twitter:card\" content=\"summary_large_image\" \/>\n<script type=\"application\/ld+json\" class=\"yoast-schema-graph\">{\"@context\":\"https:\/\/schema.org\",\"@graph\":[{\"@type\":\"WebPage\",\"@id\":\"https:\/\/vasperviller.fr\/index.php\/bibliotheque\/\",\"url\":\"https:\/\/vasperviller.fr\/index.php\/bibliotheque\/\",\"name\":\"Biblioth\u00e8que - Vasperviller\",\"isPartOf\":{\"@id\":\"https:\/\/vasperviller.fr\/#website\"},\"datePublished\":\"2020-08-08T05:39:35+00:00\",\"dateModified\":\"2020-10-28T19:22:45+00:00\",\"breadcrumb\":{\"@id\":\"https:\/\/vasperviller.fr\/index.php\/bibliotheque\/#breadcrumb\"},\"inLanguage\":\"fr-FR\",\"potentialAction\":[{\"@type\":\"ReadAction\",\"target\":[\"https:\/\/vasperviller.fr\/index.php\/bibliotheque\/\"]}]},{\"@type\":\"BreadcrumbList\",\"@id\":\"https:\/\/vasperviller.fr\/index.php\/bibliotheque\/#breadcrumb\",\"itemListElement\":[{\"@type\":\"ListItem\",\"position\":1,\"name\":\"Accueil\",\"item\":\"https:\/\/vasperviller.fr\/\"},{\"@type\":\"ListItem\",\"position\":2,\"name\":\"Biblioth\u00e8que\"}]},{\"@type\":\"WebSite\",\"@id\":\"https:\/\/vasperviller.fr\/#website\",\"url\":\"https:\/\/vasperviller.fr\/\",\"name\":\"Vasperviller\",\"description\":\"Village 2.0\",\"potentialAction\":[{\"@type\":\"SearchAction\",\"target\":{\"@type\":\"EntryPoint\",\"urlTemplate\":\"https:\/\/vasperviller.fr\/?s={search_term_string}\"},\"query-input\":{\"@type\":\"PropertyValueSpecification\",\"valueRequired\":true,\"valueName\":\"search_term_string\"}}],\"inLanguage\":\"fr-FR\"}]}<\/script>\n<!-- \/ Yoast SEO plugin. -->","yoast_head_json":{"title":"Biblioth\u00e8que - Vasperviller","robots":{"index":"index","follow":"follow","max-snippet":"max-snippet:-1","max-image-preview":"max-image-preview:large","max-video-preview":"max-video-preview:-1"},"canonical":"https:\/\/vasperviller.fr\/index.php\/bibliotheque\/","og_locale":"fr_FR","og_type":"article","og_title":"Biblioth\u00e8que - Vasperviller","og_description":"r\u00e9f\u00e9rente : Martine MOEDER La bibiloth\u00e8que municipale de Vasperviller est ouverte: les mercredis de 14h00 \u00e0 17h00 les 3\u00e8me samedis de chaque mois de 14h00 \u00e0 16h00 les vendredis (s&rsquo;adresser \u00e0 la mairie) de 15h00 \u00e0 18h00","og_url":"https:\/\/vasperviller.fr\/index.php\/bibliotheque\/","og_site_name":"Vasperviller","article_modified_time":"2020-10-28T19:22:45+00:00","twitter_card":"summary_large_image","schema":{"@context":"https:\/\/schema.org","@graph":[{"@type":"WebPage","@id":"https:\/\/vasperviller.fr\/index.php\/bibliotheque\/","url":"https:\/\/vasperviller.fr\/index.php\/bibliotheque\/","name":"Biblioth\u00e8que - Vasperviller","isPartOf":{"@id":"https:\/\/vasperviller.fr\/#website"},"datePublished":"2020-08-08T05:39:35+00:00","dateModified":"2020-10-28T19:22:45+00:00","breadcrumb":{"@id":"https:\/\/vasperviller.fr\/index.php\/bibliotheque\/#breadcrumb"},"inLanguage":"fr-FR","potentialAction":[{"@type":"ReadAction","target":["https:\/\/vasperviller.fr\/index.php\/bibliotheque\/"]}]},{"@type":"BreadcrumbList","@id":"https:\/\/vasperviller.fr\/index.php\/bibliotheque\/#breadcrumb","itemListElement":[{"@type":"ListItem","position":1,"name":"Accueil","item":"https:\/\/vasperviller.fr\/"},{"@type":"ListItem","position":2,"name":"Biblioth\u00e8que"}]},{"@type":"WebSite","@id":"https:\/\/vasperviller.fr\/#website","url":"https:\/\/vasperviller.fr\/","name":"Vasperviller","description":"Village 2.0","potentialAction":[{"@type":"SearchAction","target":{"@type":"EntryPoint","urlTemplate":"https:\/\/vasperviller.fr\/?s={search_term_string}"},"query-input":{"@type":"PropertyValueSpecification","valueRequired":true,"valueName":"search_term_string"}}],"inLanguage":"fr-FR"}]}},"_links":{"self":[{"href":"https:\/\/vasperviller.fr\/index.php\/wp-json\/wp\/v2\/pages\/246"}],"collection":[{"href":"https:\/\/vasperviller.fr\/index.php\/wp-json\/wp\/v2\/pages"}],"about":[{"href":"https:\/\/vasperviller.fr\/index.php\/wp-json\/wp\/v2\/types\/page"}],"author":[{"embeddable":true,"href":"https:\/\/vasperviller.fr\/index.php\/wp-json\/wp\/v2\/users\/2"}],"replies":[{"embeddable":true,"href":"https:\/\/vasperviller.fr\/index.php\/wp-json\/wp\/v2\/comments?post=246"}],"version-history":[{"count":8,"href":"https:\/\/vasperviller.fr\/index.php\/wp-json\/wp\/v2\/pages\/246\/revisions"}],"predecessor-version":[{"id":514,"href":"https:\/\/vasperviller.fr\/index.php\/wp-json\/wp\/v2\/pages\/246\/revisions\/514"}],"wp:attachment":[{"href":"https:\/\/vasperviller.fr\/index.php\/wp-json\/wp\/v2\/media?parent=246"}],"curies":[{"name":"wp","href":"https:\/\/api.w.org\/{rel}","templated":true}]}}